pose 7 = -2*g + q. Calculate the highest common factor of g and d.
14
Suppose 5*p + 11 = -f, p + p + 8 = 0. Suppose -k + 2*a - 16 = -4*k, -4*k - 17 = -5*a. Let d be k/f + 356/18. What is the greatest common factor of d and 50?
10
Let n(l) = -2*l**2 - 53*l - 47. Let q be n(-25). What is the highest common divisor of 6 and q?
2
Let w be (-1)/(-3) + (-284)/(-12). Let i = 18 - w. Let k be 20/5 - i/3. Calculate the greatest common factor of 42 and k.
6
Let i be 12/5 - (-9)/15. Let h(o) = 24*o**2 + 4*o - 3. Let y be h(i). Suppose -10 = 2*k, -k - y = -3*c - c. What is the highest common factor of 11 and c?
11
Let f(q) = -3*q**3 - 5*q**3 - 5*q**2 + 4 - 6*q + q**2 + 7*q**3. Let m be f(-3). What is the greatest common factor of m and 13?
13
Let i(m) = 3*m**3 - m**2 - m - 2. Let u be i(-2). Let j = u + 32. Suppose 0 = j*v - 2 - 10. Calculate the greatest common factor of v and 12.
3
Suppose -13 = -5*q - 3*t, 3*t - 1 = -4*q + 10. Suppose -q*u - 14 = 34. Let b be u/(-9)*(-126)/(-8). Calculate the highest common factor of 7 and b.
7
Let o = 167 - 119. Suppose 0 = -8*h + 253 + 2819. Calculate the highest common divisor of h and o.
48
Suppose 2*t - 1132 + 82 = 0. What is the highest common factor of t and 25?
25
Suppose -3*m = -31*m + 14168. What is the highest common factor of 92 and m?
46
Let j(u) = -u**3 - 13*u**2 - 7*u - 19. Let d be j(-13). Let a(p) = 2*p + 7. Let h be a(3). Let f = 22 - h. What is the greatest common factor of d and f?
9
Suppose -z + 45 = -43. Let u(s) = -s**2 + 9*s. Let d be u(8). Calculate the greatest common divisor of z and d.
8
Let r(d) = -27*d - 1. Let w(z) = z**2 - 6*z. Let a be w(5). Let b = -8 - a. Let t be r(b). Calculate the highest common divisor of 10 and t.
10
Suppose 56*d - 61*d + 390 = 0. Calculate the highest common divisor of 117 and d.
39
Let x be -1*(1 - 0)*-11. Suppose 77*c = 32*c + 5445. What is the highest common factor of x and c?
11
Suppose -7 = -s - 2*s + 5*c, -4*s = -c - 15. Suppose -5*q = -s*q + 39. Let p be 52/q - (-28)/3. Calculate the highest common factor of p and 12.
4
Let j(y) = -y**3 + 9*y**2 - 10*y + 12. Let l be j(8). Let x be (-1 + 126/(-12))/(2/l). What is the highest common factor of 207 and x?
23
Let i = 8 - 8. Suppose 3*f - 19 - 41 = i. Calculate the highest common factor of f and 80.
20
Let z = -710 - -2060. Calculate the greatest common factor of z and 54.
54
Suppose 3*v - 4*x = 1, -2*x + 1 = -2*v + 3. Suppose v*s - 2*j + 38 = 7*s, -3*s - j = -28. Let d = 51 - s. What is the highest common factor of 28 and d?
14
Suppose -3*d - 2*c = -0*c - 200, -4*d = -5*c - 259. Suppose 55 - 11 = 2*o. What is the highest common factor of d and o?
22
Let z = -1026 + 1068. Calculate the highest common divisor of z and 28.
14
Let x be -2*(1 - 2)*7. Let r(k) = 2*k**2 + 5*k + 5. Let s be (-112)/140 + (-1)/5. Let m be r(s). Calculate the greatest common divisor of x and m.
2
Let r(j) = 2*j**2 - 13*j + 28. Let w be r(8). Let n = 2 + 5. Suppose 3*k + w = n*k. Calculate the greatest common divisor of 91 and k.
13
Let a be 5 + -78*(20/8 - 4). Calculate the highest common factor of a and 305.
61
Let r be -2*10*8/10. Let t be (-1)/(r/12)*4. Suppose -2*v - 3*l + 12 = t, 2*v - 29 = l. Calculate the greatest common factor of 132 and v.
12
Let q = 44 - 41. Suppose q*r = -0 + 9. What is the highest common factor of r and 3?
3
Let g be (14/(-16))/(-1) - 1/(-8). Calculate the highest common divisor of 32 and g.
1
Suppose -2*v + 4 = 2*q, 3*q + 16*v = 19*v + 30. What is the greatest common divisor of 246 and q?
6
Let n be ((-60)/(-21))/((-2)/(-7)). Suppose -5*q = 5 + n. Let g = 12 + q. Calculate the highest common divisor of g and 27.
9
Suppose -4*o + 2*j = -8, 5*j + 12 = -2*o + 4*o. Let w = 2 - 2. Suppose 0 = -w*f - 5*f + 55. What is the greatest common factor of o and f?
1
Suppose -29 = 3*s - l - 186, l = 5. What is the greatest common factor of s and 1188?
54
Let d(y) = 1128*y**2 - 1. Let q be d(-1). What is the greatest common divisor of q and 23?
23
Suppose 2*k + 25 = 7*k. Let q(n) = -n**2 + 3*n - 3. Let g(w) = -w. Let b(p) = k*g(p) - q(p). Let d be b(11). What is the greatest common divisor of 9 and d?
9
Let b = -42 - -48. Suppose -b = -n - 2. Calculate the greatest common divisor of 32 and n.
4
Suppose 4*x = -8, -5*t - 223*x + 221*x = -3916. Calculate the greatest common factor of 16 and t.
16
Let z(x) = -32*x + 190. Let s be z(-40). Calculate the highest common divisor of 35 and s.
35
Let p = -44 + 48. Let c(w) = w**3 + 2*w**2 - 6. Let u be c(p). What is the highest common factor of u and 9?
9
Let n = 47 - 45. Suppose 2*c - 28 = -n*c - z, -4*z = 5*c - 46. What is the greatest common factor of c and 24?
6
Let p(j) = -61*j**3 + 2*j + 3. Let z be p(-1). Calculate the highest common divisor of 217 and z.
31
Let v = -61 + 65. Suppose -3*q = -v*x + 31, x + 3*q = 5*q + 14. What is the greatest common divisor of x and 2?
2
Let d = 36 + -25. Let l = d - 5. Let b be 1507/33 - (-2)/l. Calculate the greatest common divisor of 23 and b.
23
Let o(n) = -7*n**2 - 3*n + 48. Let y be o(0). What is the greatest common factor of 108 and y?
12
Suppose -4*l + 12 = 0, -4*l = b + 13 - 259. What is the greatest common divisor of b and 72?
18
Let q = -40 + 81. Let i be ((-123)/(-2))/(33/110). What is the highest common factor of q and i?
41
Let l(f) = 8*f**2 - 7*f - 1. Let o be l(-5). Let p be 0 + 2 + (1 - -12) + -13. Suppose p*b + 0*b = o. What is the greatest common divisor of 13 and b?
13
Let s be ((-46)/(-276))/((-4)/(-192)). What is the highest common factor of 42 and s?
2
Let f(j) = -4*j**3 - 288*j**2 - 9*j + 38. Let z be f(-72). Calculate the highest common divisor of z and 7.
7
Let n(d) = 4*d - 4*d + d**2 - 20 + 5*d. Let v be n(-10). Calculate the highest common factor of v and 5.
5
Let x = 95 + -50. Calculate the highest common factor of 195 and x.
15
Let j(q) = -20*q - 30. Let l = 29 - 40. Let c be j(l). Calculate the highest common factor of 38 and c.
38
Suppose 0 = -7*l + 6*l - 5*f + 41, -157 = -3*l + 2*f. Calculate the greatest common factor of l and 45.
3
Let p(m) be the second derivative of -7*m**2 + 17/6*m**3 + 0 - 6*m + 1/12*m**4. Let t be p(-18). Calculate the greatest common factor of 40 and t.
4
Let c = -489 - -663. What is the highest common factor of c and 6?
6
Let r be (-306)/(-9) + 2 - 3. Suppose -4*m = -159 - 17. What is the highest common divisor of r and m?
11
Let a(i) = 3*i**2 - 10*i + 3. Let w be a(7). Suppose 4*n - 3*s = -20 + 97, 84 = 4*n + 4*s. Calculate the greatest common factor of w and n.
20
Suppose -20 = 4*i + 4*b - 148, -i - 3*b = -34. Let t = -17 + i. What is the highest common factor of 98 and t?
14
Suppose -6360 = -13*u + 5912. What is the greatest common factor of 48 and u?
16
Let o(q) = q**2 - 30*q + 43. Let t be o(29). What is the highest common divisor of t and 1022?
14
Let u be 8/3*42/8. Let f be (26 - 19) + (45/3 - 0). Let r = f - u. Calculate the greatest common divisor of 12 and r.
4
Let k = 215 - 119. Let v = 3215 - 3203. What is the highest common factor of k and v?
12
Suppose -7*r = 5*x - 10*r - 372, -5*x = r - 356. What is the highest common divisor of x and 18?
18
Let s be 18 + (-2)/2*0. Let n be (110/33)/(1/s). Suppose 2*a = 4*a - n. What is the greatest common divisor of a and 75?
15
Suppose 0*f + 5*h - 309 = -4*f, -153 = -2*f - h. Calculate the greatest common factor of f and 171.
19
Let s be -3*(-132)/90 + (-8)/20. Let t be (-2)/(-6) + 44/12. What is the highest common factor of s and t?
4
Let q(m) = m**2 - 8*m + 13. Let k be q(14). Let n = 33 - k. Let p be ((-234)/8)/(24/n). Calculate the greatest common factor of 52 and p.
26
Let h = 74 - 46. Suppose -h + 284 = 4*m. Suppose 0 = 14*u - 5*u - 144. Calculate the highest common divisor of u and m.
16
Suppose -4*q + 5 = 4*m - 3, -5*q + 5*m + 60 = 0. Suppose 0 = -10*j + q*j + 288. What is the greatest common factor of 48 and j?
48
Suppose 3*q - 28 = -2*s, -2*s - q + 34 = 6. What is the greatest common factor of 126 and s?
14
Suppose 3*z - 6*z = -6. Let r(h) = -4 + 6*h + h - z*h - 3*h. Let f be r(3). Calculate the highest common factor of 18 and f.
2
Let o be -26*((-8)/(-2))/(-2). Suppose 8*x - 281 = 343. Calculate the greatest common divisor of o and x.
26
Suppose 0 = -2*x + 4*i + 128 - 6, -2*x + 3*i + 126 = 0. Let t be 2*-23*(-2)/4. What 